{"id":33,"date":"2022-01-12T09:41:16","date_gmt":"2022-01-12T08:41:16","guid":{"rendered":"https:\/\/tmsdevs.wordpress.com\/?page_id=33"},"modified":"2022-07-24T01:56:52","modified_gmt":"2022-07-24T01:56:52","slug":"program-committee","status":"publish","type":"page","link":"https:\/\/hosting.uantwerpen.be\/tmsdevs\/program-committee\/","title":{"rendered":"Technical Program Committee"},"content":{"rendered":"\n<h2 class=\"wp-block-heading\"><strong><mark style=\"background-color:rgba(0, 0, 0, 0)\" class=\"has-inline-color has-medium-gray-color\"><strong><mark style=\"background-color:rgba(0, 0, 0, 0)\" class=\"has-inline-color has-medium-gray-color\">Methodolog<\/mark><mark style=\"background-color:rgba(0, 0, 0, 0)\" class=\"has-inline-color has-dark-gray-color\">y<\/mark><\/strong><\/mark><\/strong> and <strong><mark style=\"background-color:rgba(0, 0, 0, 0)\" class=\"has-inline-color has-medium-gray-color\">Theory<\/mark><\/strong><\/h2>\n\n\n\n<p>Fernando Barros, University of Coimbra, Portugal<br>Paolo Bocciarelli, University of Rome Tor Vergata, Italy<br>Fr\u00e9d\u00e9ric Boulanger, CentraleSup\u00e9lec, France<br>Jan F. Broenink, University of Twente, Netherlands<br>Didier Buchs, University of Geneva, Switzerland<br>Rodrigo Castro, Universidad de Buenos Aires, Argentina<br>Maximiliano Cristia, CIFASIS and UNR, Argentina<br>Juan de Lara, Universidad Autonoma de Madrid, Spain<br>Stephan Eidenbenz, LANL, USA<br>Claudia Frydman, Aix-Marseille University, France<br>Jose Manuel Galan, Universidad de Burgos, Spain<br>Alfredo Garro, University of Calabria, Italy<br>Jason Jaskolka, Carleton University, Canada<br>Zhihao \u201cHao\u201d Jiang, ShanghaiTech University, China<br>Yilin Huang, TU Delft, Netherlands<br>Ernesto Kofman, Universidad Nacional de Rosario, Argentina<br>Rebecca Margetts, University of Lincoln, UK<br>Steve McKeever, Uppsala University, Sweden<br>Saurabh Mittal, The MITRE Corporation, USA<br>Mark Minas, Universit\u00e4t der Bundeswehr M\u00fcnchen, Germany<br>Il-Chul Moon, KAIST, Republic of Korea<br>Lisandru Muzy, CNRS, France<br>Eva Navarro-L\u00f3pez, University of Wolverhampton, UK<br>James Nutaro, Oak Ridge National Laboratory, USA<br>Halit Oguztuzun, Middle East Technical University, Turkey<br>Herbert Praehofer, Johannes Kepler University Linz, Germany<br>Tatiana Petrov, University of Konstanz, Germany<br>Francesco Quaglia, University of Rome Tor Vergata, Italy<br>Jos\u00e9 L. Risco-Mart\u00edn, Complutense University of Madrid, Spain<br>Moon Gi Seok, Nanyang Technological University, Singapore<br>Mirko Stoffers, RWTH Aachen University, Germany<br>Alfonso Urquia, UNED, Spain<br>Enrico Tronci, Universit\u00e0 di Roma \u201cLa Sapienza\u201d, Italy<br>Levent Yilmaz, Auburn University, USA<br>Cecilia Zanni-Merk, INSA Rouen Normandie, France<\/p>\n\n\n\n<p><strong><span class=\"has-inline-color has-dark-gray-color\">Application and Lessons Learned<\/span><\/strong><\/p>\n\n\n\n<p>Philipp Andelfinger, Universito of Rostock, Germany<br>Marco Antoniotti, Universit\u00e0 Milano Bicocca, Italy<br>Dominique Blouin, Telecom Paris, Institut Polytechnique de Paris, France<br>Robson De Grande, Brock University, Canada<br>Rapha\u00ebl Duboz, CIRAD, France<br>Alberto Falcone, University of Calabria, Italy<br>Paulo Garcia, Carleton University, Canada<br>Pau Fonseca i Casas, Universitat Polit\u00e8nica de Catalunya, Spain<br>Olaf Hagendorf, Hochschule Wismar, Germany<br>Moath Jarrah, Jordan University of Science and Technology, Jordan<br>Laetitia Li, FAST Labs, BAE Systems<br>Imran Mahmoud, Brunel University, UK<br>Il-Chul Moon, KAIST, Korea<br>Thorsten Pawletta, Wismar University of Applied Sciences, Germany<br>Ange Lionel Toba, Idaho National Laboratory, United States<br>Thomas Vogel, HU Berlin, Germany<\/p>\n\n\n\n<p><strong><span class=\"has-inline-color has-dark-gray-color\">M&amp;S Software Frameworks and Tools<\/span><\/strong><\/p>\n\n\n\n<p>Khaldoon Al-Zoubi, Jordan University of Science and Technology, Jordan<br>Maria Julia Blas, Instituto de Desarrollo y Dise\u00f1o INGAR (CONICET), Argentina<br>Franco Cicirelli, ICAR-CNR, Italy<br>Andrea D&#8217;Ambrogio, University of Rome Tor Vergata, Italy<br>Rhys Goldstein, Autodesk Research, Canada<br>Shafagh Jafer, Embry-Riddle Aeronautical University, USA<br>Imran Mahmood, National University of Sciences and Technology, Pakistan<br>Andreas Naderlinger, University of Salzburg, Austria<br>Gabriela Nicolescu, Polytechnique Montr\u00e9al, Canada<br>Akshay Rajhans, MathWorks, United States<br>Cristina Ruiz Martin, Carleton University, Canada<br>Eugene Syriani, University of Montreal, Canada<br>Yiping Yao, National University of Defense Technology, China<br>Philip Wilsey, University of Cincinnati, United States<br>Greg Zacharewicz, IMT &#8211; Mines Ales, France<\/p>\n","protected":false},"excerpt":{"rendered":"<p>Methodology and Theory Fernando Barros, University of Coimbra, PortugalPaolo Bocciarelli, University of Rome Tor Vergata, ItalyFr\u00e9d\u00e9ric Boulanger, CentraleSup\u00e9lec, FranceJan F. Broenink, University of Twente, NetherlandsDidier Buchs, University of Geneva, SwitzerlandRodrigo Castro, Universidad de Buenos Aires, ArgentinaMaximiliano Cristia, CIFASIS and UNR, &hellip; <a href=\"https:\/\/hosting.uantwerpen.be\/tmsdevs\/program-committee\/\">Continue reading <span class=\"meta-nav\">&rarr;<\/span><\/a><\/p>\n","protected":false},"author":2,"featured_media":0,"parent":0,"menu_order":0,"comment_status":"closed","ping_status":"closed","template":"","meta":{"footnotes":""},"class_list":["post-33","page","type-page","status-publish","hentry"],"_links":{"self":[{"href":"https:\/\/hosting.uantwerpen.be\/tmsdevs\/wp-json\/wp\/v2\/pages\/33","targetHints":{"allow":["GET"]}}],"collection":[{"href":"https:\/\/hosting.uantwerpen.be\/tmsdevs\/wp-json\/wp\/v2\/pages"}],"about":[{"href":"https:\/\/hosting.uantwerpen.be\/tmsdevs\/wp-json\/wp\/v2\/types\/page"}],"author":[{"embeddable":true,"href":"https:\/\/hosting.uantwerpen.be\/tmsdevs\/wp-json\/wp\/v2\/users\/2"}],"replies":[{"embeddable":true,"href":"https:\/\/hosting.uantwerpen.be\/tmsdevs\/wp-json\/wp\/v2\/comments?post=33"}],"version-history":[{"count":4,"href":"https:\/\/hosting.uantwerpen.be\/tmsdevs\/wp-json\/wp\/v2\/pages\/33\/revisions"}],"predecessor-version":[{"id":77,"href":"https:\/\/hosting.uantwerpen.be\/tmsdevs\/wp-json\/wp\/v2\/pages\/33\/revisions\/77"}],"wp:attachment":[{"href":"https:\/\/hosting.uantwerpen.be\/tmsdevs\/wp-json\/wp\/v2\/media?parent=33"}],"curies":[{"name":"wp","href":"https:\/\/api.w.org\/{rel}","templated":true}]}}